{"id":1169,"date":"2020-08-02T12:27:35","date_gmt":"2020-08-02T12:27:35","guid":{"rendered":"http:\/\/healthtourismcenterturkey.com\/?page_id=1169"},"modified":"2020-08-12T10:00:30","modified_gmt":"2020-08-12T10:00:30","slug":"kalici-makyaj","status":"publish","type":"page","link":"https:\/\/healthtourismcenterturkey.com\/tr_tr\/plastik-cerrahi\/medikal-estetik\/kalici-makyaj\/","title":{"rendered":"Kal\u0131c\u0131 Makyaj"},"content":{"rendered":"<h1 class=\"vc_custom_heading font-weight-bold letter-spacing-1 vc_custom_1545741799505\">Kal\u0131c\u0131 Makyaj Neden Gerekli<\/h1>\n<p class=\"vc_custom_heading vc_custom_1545741823104\"><span style=\"font-size: 14pt;\">Kal\u0131c\u0131 makyaj &#8220;Mikropigmentasyon uygulamas\u0131 mikro i\u011fnelerle ki\u015fiye,uygun onun sa\u011fl\u0131\u011f\u0131na hi\u00e7 zarar vermeyen pigmentleri deriye yerle\u015ftirme sanat\u0131d\u0131r&#8221;.<\/span><\/p>\n<div class=\"wpb_single_image wpb_content_element vc_align_left vc_custom_1545742399471\">\n<figure class=\"wpb_wrapper vc_figure\">\n<div class=\"vc_single_image-wrapper vc_box_border_grey\"><img loading=\"lazy\" decoding=\"async\" class=\"vc_single_image-img attachment-full\" src=\"https:\/\/www.estecapa.com\/wp-content\/uploads\/shutterstock_531825529.jpg\" sizes=\"(max-width: 1080px) 100vw, 1080px\" srcset=\"https:\/\/www.estecapa.com\/wp-content\/uploads\/shutterstock_531825529.jpg 1080w, https:\/\/www.estecapa.com\/wp-content\/uploads\/shutterstock_531825529-300x200.jpg 300w, https:\/\/www.estecapa.com\/wp-content\/uploads\/shutterstock_531825529-768x512.jpg 768w, https:\/\/www.estecapa.com\/wp-content\/uploads\/shutterstock_531825529-1024x683.jpg 1024w\" alt=\"\" width=\"1080\" height=\"720\" data-no-retina=\"\" \/><\/div>\n<\/figure>\n<\/div>\n<p class=\"vc_custom_heading vc_custom_1545741833214\"><span style=\"font-size: 14pt;\">Mikropigmetasyon uygulamas\u0131n\u0131 k\u0131l tekni\u011fi ve tozz tekni\u011fi ka\u015f, scalp pigmentasyon y\u00f6ntemi ile sa\u00e7, kal\u0131c\u0131 dip-liner, kal\u0131c\u0131 eyeliner, kal\u0131c\u0131 all\u0131k, \u00fc\u00e7 b\u00f6yutlu dudak \u00e7al\u0131\u015fmas\u0131 uygulamalar\u0131n\u0131n yan\u0131 s\u0131ra meme ucu kay\u0131plar\u0131nda areola onar\u0131m\u0131 ve amelyat izlerini iyle\u015ftirmede kullan\u0131lmaktad\u0131r. Sa\u00e7 k\u0131ran olarak bilinen&#8217; alopesi&#8217; hastal\u0131\u011f\u0131nda ve meme ucu kanseri sonucunda aleora uygulamas\u0131 yap\u0131l\u0131r.<\/span><\/p>\n<div class=\"rt-separator element-one\" data-separator-width=\"100%\" data-separator-color=\"#000000\" data-separator-background=\"#ffffff\" data-separator-direction=\"center\">\n<div class=\"block\">\n<div class=\"gap\"><\/div>\n<div class=\"bar\"><\/div>\n<\/div>\n<\/div>\n<p><\/br><\/br><\/p>\n<h1 class=\"vc_custom_heading font-weight-semibold vc_custom_1545741897307\">Kal\u0131c\u0131 Makyaj Yapt\u0131r\u0131rken Nelere Dikkat Etmeliyiz ?<\/h1>\n<p class=\"vc_custom_heading vc_custom_1545741915252\"><span style=\"font-size: 14pt;\">\u2022 Hangi marka boya kullan\u0131l\u0131yor ?<\/span><br \/>\n<span style=\"font-size: 14pt;\">\u2022 Kullan\u0131lan \u00fcr\u00fcndeki kimyasallara alerjiniz varm\u0131 ?<\/span><br \/>\n<span style=\"font-size: 14pt;\">\u2022 Nekadar hijyenik ko\u015fullarda \u00e7al\u0131\u015f\u0131yorlar ?<\/span><br \/>\n<span style=\"font-size: 14pt;\">\u2022 Uygulayan\u0131n uzman olmas\u0131na dikkat etmeliyiz.<\/span><\/p>\n<div class=\"vc_row wpb_row vc_inner vc_row-fluid vc_custom_1545478509233\">\n<div class=\"wpb_column vc_column_container vc_col-sm-12 vc_col-has-fill\">\n<div class=\"vc_column-inner vc_custom_1545478117371\">\n<div class=\"wpb_wrapper\"><\/br><\/br><\/p>\n<h1 class=\"vc_custom_heading vc_custom_1545742142060\">Kal\u0131c\u0131 Makyaj Sonras\u0131 Nelere Dikkat Etmeliyiz ?<\/h1>\n<p class=\"vc_custom_heading vc_custom_1545742131055\"><span style=\"font-size: 14pt;\">Kal\u0131c\u0131 makyaj yapt\u0131rd\u0131ktan sonra dikkat edilmesi gereken, uygulanmas\u0131 gereken bak\u0131mlar ve kal\u0131c\u0131 makyaj\u0131n kal\u0131c\u0131l\u0131\u011f\u0131n\u0131 etkileyen fakt\u00f6rler vard\u0131r. Uygulamadan sonra cildin \u00fczerinde k\u0131zar\u0131kl\u0131klar ve \u015fi\u015fkinlikler g\u00f6r\u00fclebilir ama merak etmeyin buz ile yapaca\u011f\u0131n\u0131z kompreslerle \u00e7ok k\u0131sa s\u00fcre i\u00e7inde eski haline d\u00f6necektir. Uygulama yap\u0131lan b\u00f6lgeye bir sure boyunca temas etmemesi gerekir. G\u00fcne\u015flenilmemesi ve solaryum gibi cildi etkiliyecek \u015feylerden ka\u00e7\u0131n\u0131lmal\u0131,bunun yan\u0131nda g\u00fcne\u015ften koruyucu kremler kullan\u0131lmal\u0131, dudaklarda u\u00e7uk problemi varsa yada yosa bile bir \u00f6nlem olarak u\u00e7uk kremi kullan\u0131lmal\u0131,kal\u0131c\u0131 dudak makyaj\u0131ndan sonra olabildi\u011fince tuzlu yemeklerden uzak durulmal\u0131,herhangi bir kozmetik \u00fcr\u00fcn\u00fc cildinize s\u00fcr\u00fclmemelidir.Uygulama yap\u0131lm\u0131\u015f b\u00f6lgede olu\u015fan kabuklar kesinlikle kopar\u0131lmamal\u0131 ve ka\u015f\u0131nmamal\u0131d\u0131r. Ayn\u0131 zamanda kabuklar par\u00e7a par\u00e7a halinde d\u00f6k\u00fclebilir, d\u00f6k\u00fclen b\u00f6lgelere de dokunulmamal\u0131d\u0131r. Kabuklanan b\u00f6lgelere papatya \u00e7ay\u0131n\u0131 bir s\u00fcre bekletildikten sonra buzdolab\u0131na konulur so\u011futulur sonra gazl\u0131 bez ile kal\u0131c\u0131 makyaj uygulanan b\u00f6lgelere s\u00fcr\u00fcl\u00fcr.<\/span><\/p>\n<\/div>\n<\/div>\n<\/div>\n<\/div>\n<div class=\"rt-separator element-one\" data-separator-width=\"100%\" data-separator-color=\"#000000\" data-separator-background=\"#ffffff\" data-separator-direction=\"center\">\n<div class=\"block\">\n<div class=\"gap\"><\/div>\n<div class=\"bar\"><\/div>\n<\/div>\n<\/div>\n<p><\/br><\/br><\/p>\n<h1 class=\"vc_custom_heading font-weight-semibold vc_custom_1545741975111\">Kal\u0131c\u0131 Makyaj K\u0131mlere Uygulanamaz<\/h1>\n<p class=\"vc_custom_heading vc_custom_1545741986568\"><span style=\"font-size: 14pt;\">Kal\u0131c\u0131n makyaj\u0131n kesinliklen uygulanamayaca\u011f\u0131 durumlarda vard\u0131r. 18 ya\u015f\u0131ndan k\u00fc\u00e7\u00fck olanlara v\u00fccut geli\u015fimini hen\u00fcz tamamlamad\u0131klar\u0131 i\u00e7in, \u015feker hastalar\u0131na, hamilelere, emziren, kemoterapi esnas\u0131nda, ruakutan kullanan bayanlara g\u00f6zlerinde akma ve iltahab\u0131 olan,cildin \u00fczerinde olu\u015fmu\u015f mantar,si\u011fil ve egzamas\u0131 olanlar,psikolojik olarak rahats\u0131zl\u0131\u011f\u0131 olan \u015fizofren ki\u015filere, pigmetlere alerjisi bulunanlara,k\u0131lcan damarlar\u0131 \u00fczerinde \u00e7atlamalar meydana gelmi\u015flere, et beni olanlara kal\u0131c\u0131 makyaj uygulamas\u0131 yap\u0131lmaz.<\/span><\/p>\n<p><\/br><\/br><\/p>\n","protected":false},"excerpt":{"rendered":"<p>Kal\u0131c\u0131 Makyaj Neden Gerekli Kal\u0131c\u0131 makyaj &#8220;Mikropigmentasyon uygulamas\u0131 mikro i\u011fnelerle ki\u015fiye,uygun onun sa\u011fl\u0131\u011f\u0131na hi\u00e7 zarar vermeyen pigmentleri deriye yerle\u015ftirme sanat\u0131d\u0131r&#8221;. Mikropigmetasyon uygulamas\u0131n\u0131 k\u0131l tekni\u011fi ve tozz tekni\u011fi ka\u015f, scalp pigmentasyon y\u00f6ntemi ile sa\u00e7, kal\u0131c\u0131 dip-liner, kal\u0131c\u0131 eyeliner, kal\u0131c\u0131 all\u0131k, \u00fc\u00e7 b\u00f6yutlu dudak \u00e7al\u0131\u015fmas\u0131 uygulamalar\u0131n\u0131n yan\u0131 s\u0131ra meme ucu kay\u0131plar\u0131nda areola onar\u0131m\u0131 ve amelyat izlerini iyle\u015ftirmede [&hellip;]<\/p>\n","protected":false},"author":2,"featured_media":0,"parent":1112,"menu_order":0,"comment_status":"closed","ping_status":"closed","template":"","meta":{"footnotes":""},"class_list":["post-1169","page","type-page","status-publish","hentry"],"acf":[],"_links":{"self":[{"href":"https:\/\/healthtourismcenterturkey.com\/tr_tr\/wp-json\/wp\/v2\/pages\/1169"}],"collection":[{"href":"https:\/\/healthtourismcenterturkey.com\/tr_tr\/wp-json\/wp\/v2\/pages"}],"about":[{"href":"https:\/\/healthtourismcenterturkey.com\/tr_tr\/wp-json\/wp\/v2\/types\/page"}],"author":[{"embeddable":true,"href":"https:\/\/healthtourismcenterturkey.com\/tr_tr\/wp-json\/wp\/v2\/users\/2"}],"replies":[{"embeddable":true,"href":"https:\/\/healthtourismcenterturkey.com\/tr_tr\/wp-json\/wp\/v2\/comments?post=1169"}],"version-history":[{"count":3,"href":"https:\/\/healthtourismcenterturkey.com\/tr_tr\/wp-json\/wp\/v2\/pages\/1169\/revisions"}],"predecessor-version":[{"id":1279,"href":"https:\/\/healthtourismcenterturkey.com\/tr_tr\/wp-json\/wp\/v2\/pages\/1169\/revisions\/1279"}],"up":[{"embeddable":true,"href":"https:\/\/healthtourismcenterturkey.com\/tr_tr\/wp-json\/wp\/v2\/pages\/1112"}],"wp:attachment":[{"href":"https:\/\/healthtourismcenterturkey.com\/tr_tr\/wp-json\/wp\/v2\/media?parent=1169"}],"curies":[{"name":"wp","href":"https:\/\/api.w.org\/{rel}","templated":true}]}}

Kalıcı Makyaj

<h1 class="vc_custom_heading font-weight-bold letter-spacing-1 vc_custom_1545741799505">Kalıcı Makyaj Neden Gerekli</h1>
<p class="vc_custom_heading vc_custom_1545741823104"><span style="font-size: 14pt;">Kalıcı makyaj &#8220;Mikropigmentasyon uygulaması mikro iğnelerle kişiye,uygun onun sağlığına hiç zarar vermeyen pigmentleri deriye yerleştirme sanatıdır&#8221;.</span></p>
<div class="wpb_single_image wpb_content_element vc_align_left vc_custom_1545742399471">
<figure class="wpb_wrapper vc_figure">
<div class="vc_single_image-wrapper vc_box_border_grey"><img loading="lazy" decoding="async" class="vc_single_image-img attachment-full" src="https://www.estecapa.com/wp-content/uploads/shutterstock_531825529.jpg" sizes="(max-width: 1080px) 100vw, 1080px" srcset="https://www.estecapa.com/wp-content/uploads/shutterstock_531825529.jpg 1080w, https://www.estecapa.com/wp-content/uploads/shutterstock_531825529-300x200.jpg 300w, https://www.estecapa.com/wp-content/uploads/shutterstock_531825529-768x512.jpg 768w, https://www.estecapa.com/wp-content/uploads/shutterstock_531825529-1024x683.jpg 1024w" alt="" width="1080" height="720" data-no-retina="" /></div>
</figure>
</div>
<p class="vc_custom_heading vc_custom_1545741833214"><span style="font-size: 14pt;">Mikropigmetasyon uygulamasını kıl tekniği ve tozz tekniği kaş, scalp pigmentasyon yöntemi ile saç, kalıcı dip-liner, kalıcı eyeliner, kalıcı allık, üç böyutlu dudak çalışması uygulamalarının yanı sıra meme ucu kayıplarında areola onarımı ve amelyat izlerini iyleştirmede kullanılmaktadır. Saç kıran olarak bilinen&#8217; alopesi&#8217; hastalığında ve meme ucu kanseri sonucunda aleora uygulaması yapılır.</span></p>
<div class="rt-separator element-one" data-separator-width="100%" data-separator-color="#000000" data-separator-background="#ffffff" data-separator-direction="center">
<div class="block">
<div class="gap"></div>
<div class="bar"></div>
</div>
</div>
<p></br></br></p>
<h1 class="vc_custom_heading font-weight-semibold vc_custom_1545741897307">Kalıcı Makyaj Yaptırırken Nelere Dikkat Etmeliyiz ?</h1>
<p class="vc_custom_heading vc_custom_1545741915252"><span style="font-size: 14pt;">• Hangi marka boya kullanılıyor ?</span><br />
<span style="font-size: 14pt;">• Kullanılan üründeki kimyasallara alerjiniz varmı ?</span><br />
<span style="font-size: 14pt;">• Nekadar hijyenik koşullarda çalışıyorlar ?</span><br />
<span style="font-size: 14pt;">• Uygulayanın uzman olmasına dikkat etmeliyiz.</span></p>
<div class="vc_row wpb_row vc_inner vc_row-fluid vc_custom_1545478509233">
<div class="wpb_column vc_column_container vc_col-sm-12 vc_col-has-fill">
<div class="vc_column-inner vc_custom_1545478117371">
<div class="wpb_wrapper"></br></br></p>
<h1 class="vc_custom_heading vc_custom_1545742142060">Kalıcı Makyaj Sonrası Nelere Dikkat Etmeliyiz ?</h1>
<p class="vc_custom_heading vc_custom_1545742131055"><span style="font-size: 14pt;">Kalıcı makyaj yaptırdıktan sonra dikkat edilmesi gereken, uygulanması gereken bakımlar ve kalıcı makyajın kalıcılığını etkileyen faktörler vardır. Uygulamadan sonra cildin üzerinde kızarıklıklar ve şişkinlikler görülebilir ama merak etmeyin buz ile yapacağınız kompreslerle çok kısa süre içinde eski haline dönecektir. Uygulama yapılan bölgeye bir sure boyunca temas etmemesi gerekir. Güneşlenilmemesi ve solaryum gibi cildi etkiliyecek şeylerden kaçınılmalı,bunun yanında güneşten koruyucu kremler kullanılmalı, dudaklarda uçuk problemi varsa yada yosa bile bir önlem olarak uçuk kremi kullanılmalı,kalıcı dudak makyajından sonra olabildiğince tuzlu yemeklerden uzak durulmalı,herhangi bir kozmetik ürünü cildinize sürülmemelidir.Uygulama yapılmış bölgede oluşan kabuklar kesinlikle koparılmamalı ve kaşınmamalıdır. Aynı zamanda kabuklar parça parça halinde dökülebilir, dökülen bölgelere de dokunulmamalıdır. Kabuklanan bölgelere papatya çayını bir süre bekletildikten sonra buzdolabına konulur soğutulur sonra gazlı bez ile kalıcı makyaj uygulanan bölgelere sürülür.</span></p>
</div>
</div>
</div>
</div>
<div class="rt-separator element-one" data-separator-width="100%" data-separator-color="#000000" data-separator-background="#ffffff" data-separator-direction="center">
<div class="block">
<div class="gap"></div>
<div class="bar"></div>
</div>
</div>
<p></br></br></p>
<h1 class="vc_custom_heading font-weight-semibold vc_custom_1545741975111">Kalıcı Makyaj Kımlere Uygulanamaz</h1>
<p class="vc_custom_heading vc_custom_1545741986568"><span style="font-size: 14pt;">Kalıcın makyajın kesinliklen uygulanamayacağı durumlarda vardır. 18 yaşından küçük olanlara vücut gelişimini henüz tamamlamadıkları için, şeker hastalarına, hamilelere, emziren, kemoterapi esnasında, ruakutan kullanan bayanlara gözlerinde akma ve iltahabı olan,cildin üzerinde oluşmuş mantar,siğil ve egzaması olanlar,psikolojik olarak rahatsızlığı olan şizofren kişilere, pigmetlere alerjisi bulunanlara,kılcan damarları üzerinde çatlamalar meydana gelmişlere, et beni olanlara kalıcı makyaj uygulaması yapılmaz.</span></p>
<p></br></br></p>

<p>Kalıcı Makyaj Neden Gerekli Kalıcı makyaj &#8220;Mikropigmentasyon uygulaması mikro iğnelerle kişiye,uygun onun sağlığına hiç zarar vermeyen pigmentleri deriye yerleştirme sanatıdır&#8221;. Mikropigmetasyon uygulamasını kıl tekniği ve tozz tekniği kaş, scalp pigmentasyon yöntemi ile saç, kalıcı dip-liner, kalıcı eyeliner, kalıcı allık, üç böyutlu dudak çalışması uygulamalarının yanı sıra meme ucu kayıplarında areola onarımı ve amelyat izlerini iyleştirmede [&hellip;]</p>
